j) = j**3 + 5*j**2 + 5*j + 5. Let d be r(-3). Determine n(d).
-10
Suppose 30 + 4 = 2*v. Let l(p) = 6*p - 23. Let h(f) = 2*f - 8. Let s(u) = v*h(u) - 6*l(u). Calculate s(-4).
10
Let h(l) = 40*l - 19*l + 2 - 28*l. What is h(3)?
-19
Let m(r) = r**3 + r**2 - 1. Suppose a - 14 = 1. Suppose 0 = -3*i + q + 5, -2*i + a = -q - 2*q. Suppose 5*l = 4*g + 28, i*g + g - l = -6. What is m(g)?
-5
Let q(h) = h**3 - 7*h**2 - 3. Let b(i) = i**3 - 6*i**2 - 3. Let x(u) = -6*b(u) + 5*q(u). Suppose -3*f + 6 = 3*r - 0, 0 = -4*r + 8. Determine x(f).
3
Let t(m) = 1. Let a(f) = f**2 - f + 2. Let h(i) = -a(i) + 2*t(i). Determine h(-1).
-2
Let a(o) = o + 3. Suppose 2*k - z + 18 = 0, -4*k = -3*z + 6 + 30. Give a(k).
-6
Let n(t) = -t**3 - 4*t**2 - 2*t + 3. Let o(u) = -u**2 + 6*u - 4. Let q be o(6). Determine n(q).
11
Let q(m) = 18*m**3 - 2*m**2 - m. Suppose 0 = 6*i - 0*i + 6. Calculate q(i).
-19
Let n = -8 + 9. Let x(k) = 9*k**2 - k. What is x(n)?
8
Suppose -6*t + 4 = -2*t. Suppose 0 = h + 2 - t. Let f(g) be the first derivative of g**3/3 - 1. Calculate f(h).
1
Let k = -7 + 6. Let n(l) = -2*l**3 + l**2 - 1. What is n(k)?
2
Let k(p) be the third derivative of -p**6/120 + p**5/20 + p**4/12 - p**3/6 - 25*p**2. What is k(2)?
7
Suppose 2*d + 4*g = -3*d + 40, 3*g - 7 = 2*d. Let k(r) = -r**2 + 5*r - 3. Let m be k(d). Suppose 2*p - m = 9. Let h(j) = -j**3 + 6*j**2 - 5*j. What is h(p)?
0
Let w = -19/2 - -10. Let r(v) be the second derivative of 2*v + 0 - 2/3*v**3 - w*v**2. What is r(-3)?
11
Let w(o) = -4*o**3 + 3*o**2 + 6*o + 6. Let s(l) = 9*l**3 - 5*l**2 - 12*l - 11. Let n(b) = 3*s(b) + 7*w(b). Determine n(7).
2
Let c(t) be the second derivative of -t**3/2 + 3*t**2 + t. Suppose -2*n + 12 = n. Determine c(n).
-6
Suppose -3*r - 8 = -r. Let b(x) = -x**3 + 0*x**3 - 10*x - 5*x**2 - 4 + 5*x. Give b(r).
0
Let l = -4 - -9. Let q(f) = 4*f - 7. Let o(n) = -5*n + 8. Let i(r) = -3*o(r) - 4*q(r). Determine i(l).
-1
Let g(r) = -r**3 + 4*r**2 - r + 2. Suppose -3*j - 5*i = 9, 2*j = 5*i - 3 - 28. Let m = 12 + j. What is g(m)?
-2
Let s(k) = k**3 + 5*k**2 + 2*k + 4. Suppose -3*q + 9 = 0, -4*i + 10*q + 45 = 5*q. Let v be -3 - 5/(i/6). Calculate s(v).
-6
Let h(u) = u**2 - 2*u - 3. Let j be 1/3*(-15 + 9). Determine h(j).
5
Let h(x) = -x**3 + 6*x**2 - 6*x - 3. Let d(y) = -y + 4. Let l be d(4). Suppose l = 5*p + 3*c - 19, -p + 0*c + 2*c + 9 = 0. Give h(p).
-8
Let z(q) be the second derivative of 0 - 4/3*q**3 + 4*q + 3/2*q**2 + 1/12*q**4. Determine z(8).
3
Let s(a) = -a + 8. Let w be s(9). Let c be (1 + w)/(-4 + 6). Let d be 7 + -5 - (-1 + c). Let f(k) = k**3 - 2*k**2 + k - 1. Calculate f(d).
11
Let y(g) = 2*g + 24. Let m(u) = -u - 16. Let q(d) = -8*m(d) - 5*y(d). Suppose 89 = 17*p - 13. What is q(p)?
-4
Let r(h) = h**2 + h - 1 - 2*h - 2. Calculate r(3).
3
Suppose -5*w = -4*f + 16, 0 = -w - 0*w + 3*f - 12. Let x(q) = 2 - 2*q + w*q - 1 + 2*q**2 - q. Determine x(2).
3
Let r(h) = -h**2 - 4*h + 1. Let z(k) = k**2 + 5*k - 2. Let l(a) = 4*r(a) + 3*z(a). Determine l(2).
-8
Suppose 0 = 4*m - 5*y + 18, 5*m + 4 = 2*m - y. Let c(r) = 4*r. Give c(m).
-8
Suppose -4 = -x + g - 15, -2*x - 24 = -3*g. Let b be x/(3/(-4)*2). Let m = b + -2. Let n(q) = q**2 - 5*q - 1. Determine n(m).
-5
Let m(a) = -6*a**2 - 2*a - 3. Let v(n) = 5*n**2 + 2*n + 3. Let k(y) = -6*m(y) - 7*v(y). Give k(5).
12
Let o(t) = -t**2 - 4*t - 1. Suppose -2*l + 2 = 3*a - 3, l = 2*a - 8. Give o(l).
3
Let h = 24 - 27. Let t(i) = -i**3 - 3*i**2 - i. Calculate t(h).
3
Let k = -18 - -27. Suppose -f - 5 = 0, -o = -5*f + 2*f - k. Let c(u) = 2*u + 8. Calculate c(o).
-4
Let q be 26/6 + 9/(-27). Let l(r) = 6*r + 1 - q*r**2 + 5*r**2 - 5*r. What is l(-3)?
7
Let s = 4 - 2. Let h(t) be the first derivative of 0*t**2 + 1/3*t**3 + 4 + 0*t. Calculate h(s).
4
Let j(i) = i**3 - 7*i**2 + 6*i - 5. Let d be 0 + (-16)/4 - -10. Determine j(d).
-5
Let c(h) = -6 - h + 9 + 3*h. What is c(-5)?
-7
Let w = -32 - -25. Let d(r) = -r - 17. What is d(w)?
-10
Suppose -q + r + 39 = 3*r, 0 = 3*q - r - 96. Suppose -c - q = -5*t, -5*c + 5 + 4 = 4*t. Let w(n) = n**3 - 5*n**2 - 8*n + 9. What is w(t)?
-3
Let n be (3 + 1)*1/1. Let h(b) = -b**2 - 2 + 4*b - 2*b + n*b. Determine h(4).
6
Let b(y) = -9*y - y + y**2 - 10 + 0*y - 2*y**2. Give b(-8).
6
Let l = 38 - 42. Let x(k) = k + 5. Calculate x(l).
1
Let k = -10 - -14. Suppose k*o = -5*m + 28, 0*o + 4*m = -5*o + 26. Let f(l) = 3*l**2 - 3*l**2 + 1 + l**2. Give f(o).
5
Let v(h) be the second derivative of h**4/12 + h**3/6 + h**2 - 20*h. Give v(-3).
8
Let y(c) = c**3 + 7*c**2 + 6*c + 3. Let i be y(-6). Let u(a) = -2*a**3 - i*a**2 + 5*a + a**3 - 2*a**3 + 2*a**3 + 1. Determine u(-4).
-3
Let s be 1/18*(-3)/(-4). Let v(p) be the third derivative of -p**2 - s*p**4 + 0 + 0*p + 1/3*p**3. Calculate v(-2).
4
Let q(g) = g + 1. Let b be 1/((-3)/(-6) + (-55)/90). What is q(b)?
-8
Let p(h) = 16*h**3 - 35*h**2 + 16*h - 51. Let q(y) = 3*y**3 - 7*y**2 + 3*y - 10. Let u(b) = -2*p(b) + 11*q(b). Determine u(7).
-1
Let j(p) be the third derivative of -p**5/60 + p**4/3 - p**3/3 + 6*p**2 - 4. Determine j(7).
5
Let f(s) = 0*s**2 + 0*s**2 + s**3 + 0*s - 5 - 4*s**2 + 2*s. Calculate f(4).
3
Let x(y) = -4*y + 69. Let r be x(18). Let a(p) be the third derivative of -p**4/12 - p**3/2 + p**2. Calculate a(r).
3
Let g be -1 - (-2 + -1 + -1). Let t = g + -1. Let r(b) = -b**t - b**3 - 8 + 8 + 2*b + 0*b. Determine r(-2).
0
Let w(p) = -p**2 + p - 1. Let v(b) = b**3 - b**2 + b + 7. Let c(o) = v(o) + 6*w(o). Calculate c(6).
7
Suppose 3 = -5*w - 22. Let y(t) = -4*t**3 + 3*t**3 + 6 - 3*t - 3*t - 5*t**2 + 7*t. Give y(w).
1
Let f(b) be the first derivative of -b**5/60 + 5*b**4/24 - b**3/3 - b**2/2 - 4. Let q(w) be the second derivative of f(w). What is q(6)?
-8
Suppose -5 = -5*c + 5. Let l(a) be the second derivative of 2*a + 0 - 3/2*a**2 + 5/6*a**3. What is l(c)?
7
Suppose -27 = -5*t - 7. Let a(d) = d**2 - 7*d + 6. Calculate a(t).
-6
Suppose 4*g - 5*g = -1. Let s(j) = 6*j**3 - j**2 + j. Determine s(g).
6
Let n(d) = -2*d**3 + 7*d**2 + 6*d + 7. Let r = -23 + 20. Let o(j) = j**3 - 7*j**2 - 6*j - 7. Let m(t) = r*o(t) - 2*n(t). Give m(-6).
7
Let s(y) be the second derivative of y**4/12 - 7*y**3/6 + 3*y**2/2 - 8*y. Calculate s(7).
3
Let f = 8 + -3. Let r(o) = 4*o**3 - o + 3. Let x(p) = -p**3 + p**2. Let t(z) = r(z) + 5*x(z). Determine t(f).
-2
Let n(z) = z**3 - 2*z**2 - 8*z + 1. Let u be n(4). Let r(a) = a + 1. Let c(d) = -12*d - 9. Let o(h) = -2*c(h) - 18*r(h). Calculate o(u).
6
Let r = -6 + 10. Let q(c) be the third derivative of c**6/120 - c**5/20 - 5*c**4/24 + c**3/2 - c**2. Let u be q(r). Let z(n) = 2*n + 1. What is z(u)?
-1
Let l(y) = -5*y + 1. Let f be 1/((-1)/(-5)) - 8. What is l(f)?
16
Let g(y) = -2*y**3 - 4*y**2 + 3. Suppose 3*i + 13 - 4 = 0. Determine g(i).
21
Let d(f) = -7*f**2. Suppose -4*z = 6 - 22, -3*g + 5*z = 23. Give d(g).
-7
Let w(d) = 2*d - 1. Let z be w(0). Let n(o) = -2*o**2 + o + 1. Determine n(z).
-2
Let h = -97 + 93. Let s(q) = q**2 - 5. Give s(h).
11
Let f(t) = -t**3 + 8*t**2 - 7*t + 8. Let c be (-1 - -6) + 2/3*3. Give f(c).
8
Let w(o) be the second derivative of -o**3/6 - 2*o**2 + o. Let f(r) = -r**3 + 7*r**2 - 7*r + 8. Let y be f(6). Suppose -2 = 2*v + y. Determine w(v).
-2
Let i(y) = -9*y + 7. Let d(h) = -8*h + 6. Let x(u) = -6*d(u) + 5*i(u). Suppose 0 = 2*f + 1 + 1. Determine x(f).
-4
Let m(i) = -2*i + 2 + 0*i + 2*i + i. What is m(0)?
2
Let q(c) be the first derivative of -c**4/4 + 5*c**3/3 + 3*c**2/2 - 5*c - 2. Let g(z) = -5*z - 5. Let t be g(-2). Give q(t).
10
Suppose 2*s - 3 = s, -2*s - 8 = -2*a. Suppose a*f = 2*f + 15. Let i(p) = p**2 - 3*p. What is i(f)?
0
Let w(r) be the second derivative of r**5/20 - r**4/6 - 2*r**3/3 - 2*r. Give w(3).
-3
Let u(w) = w - 1. Let q = -14 - -18. Calculate u(q).
3
Let w(f) = -f**2 - f - 4. Suppose -5*o - 27 = -2*q, -2*q + 5*o = -3*q - 9. Let u(x) = 2*x**2 - 11*x - 6. Let l be u(q). Give w(l).
-4
Let x(d) = -d**2 + 2*d + 5. Let v(p) = -p**2 + 3*p + 6. Let l(r) = -3*v(r) + 4*x(r). Calculate l(2).
-4
Let z(h) be the third derivative of 0 - 1/12*h**4 + 0*h + 3*h**2 - h**3. Give z(-4).
2
Let t(g) = -7 + 5*g + 5*g - 23*g + 14*g. Give t(0).
-7
Let q(w) = 2*w - 6. Let u be q(-1). Let f(z) = -z - 2. What is f(u)?
6
Suppose -6*h = -2*h + g + 5, 5*h = -g - 5. Suppose 5*k - 8 = -2*y, -k - 5*y = -5*k - 20. Let n(q) = 2*q**3 + 0*q**3 - q**2 + k*q